{"id":32,"date":"2023-09-27T21:37:51","date_gmt":"2023-09-27T19:37:51","guid":{"rendered":"https:\/\/www.stephaniekreppel.de\/?page_id=32"},"modified":"2025-05-19T13:04:53","modified_gmt":"2025-05-19T11:04:53","slug":"startseite","status":"publish","type":"page","link":"https:\/\/www.stephaniekreppel.de\/","title":{"rendered":"Startseite"},"content":{"rendered":"\t\t<div data-elementor-type=\"wp-page\" data-elementor-id=\"32\" class=\"elementor elementor-32\">\n\t\t\t\t<div class=\"elementor-element elementor-element-9ecb3fa e-flex e-con-boxed e-con e-parent\" data-id=\"9ecb3fa\" data-element_type=\"container\">\n\t\t\t\t\t<div class=\"e-con-inner\">\n\t\t\t\t<div class=\"elementor-element elementor-element-c1ce6ca elementor-widget elementor-widget-heading\" data-id=\"c1ce6ca\" data-element_type=\"widget\" data-widget_type=\"heading.default\">\n\t\t\t\t<div class=\"elementor-widget-container\">\n\t\t\t\t\t<h2 class=\"elementor-heading-title elementor-size-default\">Hallo! Sch\u00f6n, dass Du hier bist.<\/h2>\t\t\t\t<\/div>\n\t\t\t\t<\/div>\n\t\t\t\t\t<\/div>\n\t\t\t\t<\/div>\n\t\t<div class=\"elementor-element elementor-element-38f9efd e-flex e-con-boxed e-con e-parent\" data-id=\"38f9efd\" data-element_type=\"container\">\n\t\t\t\t\t<div class=\"e-con-inner\">\n\t\t\t\t<div class=\"elementor-element elementor-element-daecb5f elementor-widget elementor-widget-text-editor\" data-id=\"daecb5f\" data-element_type=\"widget\" data-widget_type=\"text-editor.default\">\n\t\t\t\t<div class=\"elementor-widget-container\">\n\t\t\t\t\t\t\t\t\t<p>Hier ist Dein Platz f\u00fcr Pers\u00f6nlichkeitsentwicklung, Selbstf\u00fcrsorge und mentale Gesundheit.<\/p>\n<p>Ich helfe Dir, mit Yoga, Achtsamkeit, \u00e4therischen \u00d6len und gesunden Routinen, zu einem stressfreieren und achtsameren Leben. Ich freu mich, wenn Du ein St\u00fcck Deines Lebens mit mir gemeinsam gehst! Informiere Dich hier \u00fcber meine Angebote und\/oder schreib mir gerne f\u00fcr Deine konkrete Anfrage.<\/p>\t\t\t\t\t\t\t\t<\/div>\n\t\t\t\t<\/div>\n\t\t\t\t\t<\/div>\n\t\t\t\t<\/div>\n\t\t<div class=\"elementor-element elementor-element-418c6ab e-flex e-con-boxed e-con e-parent\" data-id=\"418c6ab\" data-element_type=\"container\">\n\t\t\t\t\t<div class=\"e-con-inner\">\n\t\t<div class=\"elementor-element elementor-element-56207c1 e-con-full e-flex e-con e-child\" data-id=\"56207c1\" data-element_type=\"container\">\n\t\t\t\t<div class=\"elementor-element elementor-element-5c98c8b elementor-widget elementor-widget-image\" data-id=\"5c98c8b\" data-element_type=\"widget\" data-widget_type=\"image.default\">\n\t\t\t\t<div class=\"elementor-widget-container\">\n\t\t\t\t\t\t\t\t\t\t\t\t\t\t\t\t<a href=\"https:\/\/www.stephaniekreppel.de\/?page_id=131\">\n\t\t\t\t\t\t\t<img fetchpriority=\"high\" decoding=\"async\" width=\"800\" height=\"441\" src=\"https:\/\/www.stephaniekreppel.de\/wp-content\/uploads\/2023\/12\/1003307.jpg\" class=\"attachment-large size-large wp-image-247\" alt=\"\" srcset=\"https:\/\/www.stephaniekreppel.de\/wp-content\/uploads\/2023\/12\/1003307.jpg 800w, https:\/\/www.stephaniekreppel.de\/wp-content\/uploads\/2023\/12\/1003307-300x165.jpg 300w, https:\/\/www.stephaniekreppel.de\/wp-content\/uploads\/2023\/12\/1003307-768x423.jpg 768w\" sizes=\"(max-width: 800px) 100vw, 800px\" \/>\t\t\t\t\t\t\t\t<\/a>\n\t\t\t\t\t\t\t\t\t\t\t\t\t\t\t<\/div>\n\t\t\t\t<\/div>\n\t\t\t\t<\/div>\n\t\t<div class=\"elementor-element elementor-element-b909136 e-con-full e-flex e-con e-child\" data-id=\"b909136\" data-element_type=\"container\">\n\t\t\t\t<div class=\"elementor-element elementor-element-c8b4cf8 elementor-widget elementor-widget-heading\" data-id=\"c8b4cf8\" data-element_type=\"widget\" data-widget_type=\"heading.default\">\n\t\t\t\t<div class=\"elementor-widget-container\">\n\t\t\t\t\t<h2 class=\"elementor-heading-title elementor-size-default\"><a href=\"https:\/\/www.stephaniekreppel.de\/?page_id=131\">Entdecke die Kraft der Natur \nmit \u00e4therischen \u00d6len \nvon d\u014dTERRA.<\/a><\/h2>\t\t\t\t<\/div>\n\t\t\t\t<\/div>\n\t\t\t\t<\/div>\n\t\t\t\t\t<\/div>\n\t\t\t\t<\/div>\n\t\t<div class=\"elementor-element elementor-element-c23c51a e-flex e-con-boxed e-con e-parent\" data-id=\"c23c51a\" data-element_type=\"container\">\n\t\t\t\t\t<div class=\"e-con-inner\">\n\t\t\t\t<div class=\"elementor-element elementor-element-2e5e1790 elementor-widget-divider--view-line_icon elementor-view-default elementor-widget-divider--element-align-center elementor-widget elementor-widget-divider\" data-id=\"2e5e1790\" data-element_type=\"widget\" data-widget_type=\"divider.default\">\n\t\t\t\t<div class=\"elementor-widget-container\">\n\t\t\t\t\t\t\t<div class=\"elementor-divider\">\n\t\t\t<span class=\"elementor-divider-separator\">\n\t\t\t\t\t\t\t<div class=\"elementor-icon elementor-divider__element\">\n\t\t\t\t\t<i aria-hidden=\"true\" class=\"fas fa-yin-yang\"><\/i><\/div>\n\t\t\t\t\t\t<\/span>\n\t\t<\/div>\n\t\t\t\t\t\t<\/div>\n\t\t\t\t<\/div>\n\t\t\t\t\t<\/div>\n\t\t\t\t<\/div>\n\t\t<div class=\"elementor-element elementor-element-7fe916c e-flex e-con-boxed e-con e-parent\" data-id=\"7fe916c\" data-element_type=\"container\">\n\t\t\t\t\t<div class=\"e-con-inner\">\n\t\t<div class=\"elementor-element elementor-element-2d06c7f e-con-full e-flex e-con e-child\" data-id=\"2d06c7f\" data-element_type=\"container\">\n\t\t\t\t<div class=\"elementor-element elementor-element-b027f5d elementor-widget elementor-widget-heading\" data-id=\"b027f5d\" data-element_type=\"widget\" data-widget_type=\"heading.default\">\n\t\t\t\t<div class=\"elementor-widget-container\">\n\t\t\t\t\t<h2 class=\"elementor-heading-title elementor-size-default\"><a href=\"https:\/\/www.stephaniekreppel.de\/?page_id=50\">Meine 1:1 <br> Coaching <br>und \nBeratungsangebote<\/a><\/h2>\t\t\t\t<\/div>\n\t\t\t\t<\/div>\n\t\t\t\t<\/div>\n\t\t<div class=\"elementor-element elementor-element-458a59c e-con-full e-flex e-con e-child\" data-id=\"458a59c\" data-element_type=\"container\">\n\t\t\t\t<div class=\"elementor-element elementor-element-770a7a2 elementor-widget elementor-widget-image\" data-id=\"770a7a2\" data-element_type=\"widget\" data-widget_type=\"image.default\">\n\t\t\t\t<div class=\"elementor-widget-container\">\n\t\t\t\t\t\t\t\t\t\t\t\t\t\t\t\t<a href=\"https:\/\/www.stephaniekreppel.de\/?page_id=50\">\n\t\t\t\t\t\t\t<img decoding=\"async\" width=\"300\" height=\"225\" src=\"https:\/\/www.stephaniekreppel.de\/wp-content\/uploads\/2024\/01\/1080446-300x225.jpg\" class=\"attachment-medium size-medium wp-image-292\" alt=\"\" srcset=\"https:\/\/www.stephaniekreppel.de\/wp-content\/uploads\/2024\/01\/1080446-300x225.jpg 300w, https:\/\/www.stephaniekreppel.de\/wp-content\/uploads\/2024\/01\/1080446-1024x768.jpg 1024w, https:\/\/www.stephaniekreppel.de\/wp-content\/uploads\/2024\/01\/1080446-768x576.jpg 768w, https:\/\/www.stephaniekreppel.de\/wp-content\/uploads\/2024\/01\/1080446-1536x1152.jpg 1536w, https:\/\/www.stephaniekreppel.de\/wp-content\/uploads\/2024\/01\/1080446-2048x1536.jpg 2048w\" sizes=\"(max-width: 300px) 100vw, 300px\" \/>\t\t\t\t\t\t\t\t<\/a>\n\t\t\t\t\t\t\t\t\t\t\t\t\t\t\t<\/div>\n\t\t\t\t<\/div>\n\t\t\t\t<\/div>\n\t\t\t\t\t<\/div>\n\t\t\t\t<\/div>\n\t\t<div class=\"elementor-element elementor-element-dd3e766 e-flex e-con-boxed e-con e-parent\" data-id=\"dd3e766\" data-element_type=\"container\">\n\t\t\t\t\t<div class=\"e-con-inner\">\n\t\t\t\t<div class=\"elementor-element elementor-element-771e6c27 elementor-widget-divider--view-line_icon elementor-view-default elementor-widget-divider--element-align-center elementor-widget elementor-widget-divider\" data-id=\"771e6c27\" data-element_type=\"widget\" data-widget_type=\"divider.default\">\n\t\t\t\t<div class=\"elementor-widget-container\">\n\t\t\t\t\t\t\t<div class=\"elementor-divider\">\n\t\t\t<span class=\"elementor-divider-separator\">\n\t\t\t\t\t\t\t<div class=\"elementor-icon elementor-divider__element\">\n\t\t\t\t\t<i aria-hidden=\"true\" class=\"fas fa-yin-yang\"><\/i><\/div>\n\t\t\t\t\t\t<\/span>\n\t\t<\/div>\n\t\t\t\t\t\t<\/div>\n\t\t\t\t<\/div>\n\t\t\t\t\t<\/div>\n\t\t\t\t<\/div>\n\t\t<div class=\"elementor-element elementor-element-25345fe e-flex e-con-boxed e-con e-parent\" data-id=\"25345fe\" data-element_type=\"container\">\n\t\t\t\t\t<div class=\"e-con-inner\">\n\t\t<div class=\"elementor-element elementor-element-fd92487 e-con-full e-flex e-con e-child\" data-id=\"fd92487\" data-element_type=\"container\">\n\t\t\t\t<div class=\"elementor-element elementor-element-1c4a579 elementor-widget elementor-widget-image\" data-id=\"1c4a579\" data-element_type=\"widget\" data-widget_type=\"image.default\">\n\t\t\t\t<div class=\"elementor-widget-container\">\n\t\t\t\t\t\t\t\t\t\t\t\t\t\t\t\t<a href=\"https:\/\/www.stephaniekreppel.de\/?page_id=51\">\n\t\t\t\t\t\t\t<img decoding=\"async\" width=\"300\" height=\"225\" src=\"https:\/\/www.stephaniekreppel.de\/wp-content\/uploads\/2024\/01\/1080396-300x225.jpg\" class=\"attachment-medium size-medium wp-image-291\" alt=\"\" srcset=\"https:\/\/www.stephaniekreppel.de\/wp-content\/uploads\/2024\/01\/1080396-300x225.jpg 300w, https:\/\/www.stephaniekreppel.de\/wp-content\/uploads\/2024\/01\/1080396-1024x768.jpg 1024w, https:\/\/www.stephaniekreppel.de\/wp-content\/uploads\/2024\/01\/1080396-768x576.jpg 768w, https:\/\/www.stephaniekreppel.de\/wp-content\/uploads\/2024\/01\/1080396-1536x1152.jpg 1536w, https:\/\/www.stephaniekreppel.de\/wp-content\/uploads\/2024\/01\/1080396-2048x1536.jpg 2048w\" sizes=\"(max-width: 300px) 100vw, 300px\" \/>\t\t\t\t\t\t\t\t<\/a>\n\t\t\t\t\t\t\t\t\t\t\t\t\t\t\t<\/div>\n\t\t\t\t<\/div>\n\t\t\t\t<\/div>\n\t\t<div class=\"elementor-element elementor-element-cbbf0e9 e-con-full e-flex e-con e-child\" data-id=\"cbbf0e9\" data-element_type=\"container\">\n\t\t\t\t<div class=\"elementor-element elementor-element-4ad62fc elementor-widget elementor-widget-heading\" data-id=\"4ad62fc\" data-element_type=\"widget\" data-widget_type=\"heading.default\">\n\t\t\t\t<div class=\"elementor-widget-container\">\n\t\t\t\t\t<h2 class=\"elementor-heading-title elementor-size-default\"><a href=\"https:\/\/www.stephaniekreppel.de\/?page_id=51\"><br>Meine Gruppenangebote<\/a><\/h2>\t\t\t\t<\/div>\n\t\t\t\t<\/div>\n\t\t\t\t<\/div>\n\t\t\t\t\t<\/div>\n\t\t\t\t<\/div>\n\t\t<div class=\"elementor-element elementor-element-aab9aaf e-flex e-con-boxed e-con e-parent\" data-id=\"aab9aaf\" data-element_type=\"container\">\n\t\t\t\t\t<div class=\"e-con-inner\">\n\t\t\t\t<div class=\"elementor-element elementor-element-4238a8bc elementor-widget-divider--view-line_icon elementor-view-default elementor-widget-divider--element-align-center elementor-widget elementor-widget-divider\" data-id=\"4238a8bc\" data-element_type=\"widget\" data-widget_type=\"divider.default\">\n\t\t\t\t<div class=\"elementor-widget-container\">\n\t\t\t\t\t\t\t<div class=\"elementor-divider\">\n\t\t\t<span class=\"elementor-divider-separator\">\n\t\t\t\t\t\t\t<div class=\"elementor-icon elementor-divider__element\">\n\t\t\t\t\t<i aria-hidden=\"true\" class=\"fas fa-yin-yang\"><\/i><\/div>\n\t\t\t\t\t\t<\/span>\n\t\t<\/div>\n\t\t\t\t\t\t<\/div>\n\t\t\t\t<\/div>\n\t\t\t\t<div class=\"elementor-element elementor-element-ecab2bf elementor-widget elementor-widget-heading\" data-id=\"ecab2bf\" data-element_type=\"widget\" data-widget_type=\"heading.default\">\n\t\t\t\t<div class=\"elementor-widget-container\">\n\t\t\t\t\t<h2 class=\"elementor-heading-title elementor-size-default\">Folge mir gerne f\u00fcr mehr:<\/h2>\t\t\t\t<\/div>\n\t\t\t\t<\/div>\n\t\t\t\t\t<\/div>\n\t\t\t\t<\/div>\n\t\t<div class=\"elementor-element elementor-element-14738f2 e-flex e-con-boxed e-con e-parent\" data-id=\"14738f2\" data-element_type=\"container\">\n\t\t\t\t\t<div class=\"e-con-inner\">\n\t\t\t\t<div class=\"elementor-element elementor-element-9192374 elementor-shape-rounded elementor-grid-0 e-grid-align-center elementor-widget elementor-widget-social-icons\" data-id=\"9192374\" data-element_type=\"widget\" data-widget_type=\"social-icons.default\">\n\t\t\t\t<div class=\"elementor-widget-container\">\n\t\t\t\t\t\t\t<div class=\"elementor-social-icons-wrapper elementor-grid\">\n\t\t\t\t\t\t\t<span class=\"elementor-grid-item\">\n\t\t\t\t\t<a class=\"elementor-icon elementor-social-icon elementor-social-icon-facebook elementor-repeater-item-1638245\" href=\"https:\/\/www.facebook.com\/skreppelyoga\" target=\"_blank\">\n\t\t\t\t\t\t<span class=\"elementor-screen-only\">Facebook<\/span>\n\t\t\t\t\t\t<i class=\"fab fa-facebook\"><\/i>\t\t\t\t\t<\/a>\n\t\t\t\t<\/span>\n\t\t\t\t\t\t\t<span class=\"elementor-grid-item\">\n\t\t\t\t\t<a class=\"elementor-icon elementor-social-icon elementor-social-icon-instagram elementor-repeater-item-5b35589\" href=\"https:\/\/instagram.com\/skreppelyoga?igshid=OGQ5ZDc2ODk2ZA==\" target=\"_blank\">\n\t\t\t\t\t\t<span class=\"elementor-screen-only\">Instagram<\/span>\n\t\t\t\t\t\t<i class=\"fab fa-instagram\"><\/i>\t\t\t\t\t<\/a>\n\t\t\t\t<\/span>\n\t\t\t\t\t<\/div>\n\t\t\t\t\t\t<\/div>\n\t\t\t\t<\/div>\n\t\t\t\t\t<\/div>\n\t\t\t\t<\/div>\n\t\t\t\t<\/div>\n\t\t","protected":false},"excerpt":{"rendered":"<p>Hallo! Sch\u00f6n, dass Du hier bist. Hier ist Dein Platz f\u00fcr Pers\u00f6nlichkeitsentwicklung, Selbstf\u00fcrsorge und mentale Gesundheit. Ich helfe Dir, mit Yoga, Achtsamkeit, \u00e4therischen \u00d6len und gesunden Routinen, zu einem stressfreieren und achtsameren Leben. Ich freu mich, wenn Du ein St\u00fcck Deines Lebens mit mir gemeinsam gehst! Informiere Dich hier \u00fcber meine Angebote und\/oder schreib mir <a class=\"read-more\" href=\"https:\/\/www.stephaniekreppel.de\/\">READ MORE<\/a><\/p>\n","protected":false},"author":1,"featured_media":0,"parent":0,"menu_order":0,"comment_status":"closed","ping_status":"closed","template":"","meta":{"footnotes":""},"class_list":["post-32","page","type-page","status-publish","hentry"],"_links":{"self":[{"href":"https:\/\/www.stephaniekreppel.de\/index.php?rest_route=\/wp\/v2\/pages\/32","targetHints":{"allow":["GET"]}}],"collection":[{"href":"https:\/\/www.stephaniekreppel.de\/index.php?rest_route=\/wp\/v2\/pages"}],"about":[{"href":"https:\/\/www.stephaniekreppel.de\/index.php?rest_route=\/wp\/v2\/types\/page"}],"author":[{"embeddable":true,"href":"https:\/\/www.stephaniekreppel.de\/index.php?rest_route=\/wp\/v2\/users\/1"}],"replies":[{"embeddable":true,"href":"https:\/\/www.stephaniekreppel.de\/index.php?rest_route=%2Fwp%2Fv2%2Fcomments&post=32"}],"version-history":[{"count":62,"href":"https:\/\/www.stephaniekreppel.de\/index.php?rest_route=\/wp\/v2\/pages\/32\/revisions"}],"predecessor-version":[{"id":494,"href":"https:\/\/www.stephaniekreppel.de\/index.php?rest_route=\/wp\/v2\/pages\/32\/revisions\/494"}],"wp:attachment":[{"href":"https:\/\/www.stephaniekreppel.de\/index.php?rest_route=%2Fwp%2Fv2%2Fmedia&parent=32"}],"curies":[{"name":"wp","href":"https:\/\/api.w.org\/{rel}","templated":true}]}}